3, 5, 7549
What are the prime factors of 1087267?
181, 6007
List the prime factors of 2802947.
7, 57203
What are the prime factors of 17729432?
2, 7, 19, 877
What are the prime factors of 4752161?
4752161
List the prime factors of 1241778.
2, 3, 67, 3089
List the prime factors of 7578857.
11, 13, 52999
List the prime factors of 4069730.
2, 5, 7, 47, 1237
List the prime factors of 2470291.
41, 60251
List the prime factors of 604267.
593, 1019
What are the prime factors of 5976962?
2, 17, 367, 479
List the prime factors of 167743.
43, 47, 83
What are the prime factors of 1120826?
2, 7, 11437
What are the prime factors of 877000?
2, 5, 877
What are the prime factors of 853833?
3, 31, 9181
List the prime factors of 4670369.
11, 67, 6337
List the prime factors of 7426556.
2, 1856639
What are the prime factors of 1068619?
1068619
List the prime factors of 16476.
2, 3, 1373
What are the prime factors of 1268801?
19, 43, 1553
What are the prime factors of 290577?
3, 7, 101, 137
List the prime factors of 1965185.
5, 29, 13553
List the prime factors of 4294874.
2, 19, 113023
List the prime factors of 13011163.
11, 83, 14251
List the prime factors of 2972881.
2972881
List the prime factors of 2587194.
2, 3, 47911
List the prime factors of 2096551.
43, 48757
List the prime factors of 1049977.
1049977
List the prime factors of 634967.
17, 41, 911
List the prime factors of 6152626.
2, 3076313
List the prime factors of 6511532.
2, 1627883
What are the prime factors of 1068689?
809, 1321
List the prime factors of 72491.
71, 1021
List the prime factors of 5694634.
2, 11, 258847
What are the prime factors of 296566?
2, 79, 1877
What are the prime factors of 7589665?
5, 1517933
What are the prime factors of 428343?
3, 71, 2011
What are the prime factors of 73064?
2, 9133
List the prime factors of 871418.
2, 435709
List the prime factors of 6371149.
1249, 5101
List the prime factors of 7165141.
83, 173, 499
List the prime factors of 156188.
2, 39047
What are the prime factors of 3346237?
3346237
List the prime factors of 1509964.
2, 377491
List the prime factors of 6867740.
2, 5, 11, 19, 31, 53
What are the prime factors of 9985726?
2, 23, 217081
What are the prime factors of 4938279?
3, 17, 37, 2617
List the prime factors of 433631.
11, 79, 499
List the prime factors of 235462.
2, 117731
List the prime factors of 22989528.
2, 3, 106433
What are the prime factors of 8533373?
1667, 5119
What are the prime factors of 548912?
2, 7, 13, 29
List the prime factors of 676894.
2, 19, 47, 379
What are the prime factors of 224100?
2, 3, 5, 83
List the prime factors of 7003753.
23, 304511
List the prime factors of 330518.
2, 59, 2801
List the prime factors of 355576.
2, 13, 263
What are the prime factors of 219175?
5, 11, 797
List the prime factors of 114952.
2, 14369
List the prime factors of 1721619.
3, 23, 8317
List the prime factors of 723018.
2, 3, 120503
What are the prime factors of 962738?
2, 7, 68767
What are the prime factors of 9175006?
2, 4587503
What are the prime factors of 381392?
2, 11, 197
What are the prime factors of 2156004?
2, 3, 19963
List the prime factors of 17473747.
29, 602543
List the prime factors of 22887010.
2, 5, 131, 17471
What are the prime factors of 220048?
2, 17, 809
What are the prime factors of 338899?
11, 30809
List the prime factors of 203990.
2, 5, 20399
What are the prime factors of 834094?
2, 103, 4049
List the prime factors of 202407.
3, 19, 53, 67
What are the prime factors of 23719165?
5, 17, 173, 1613
List the prime factors of 7830953.
13, 46337
What are the prime factors of 75991?
75991
List the prime factors of 10216692.
2, 3, 23, 457
What are the prime factors of 861763?
7, 43, 409
List the prime factors of 3944256.
2, 3, 20543
What are the prime factors of 87686?
2, 17, 2579
List the prime factors of 11238488.
2, 1404811
List the prime factors of 10500773.
10500773
List the prime factors of 472493.
7, 67499
List the prime factors of 29935202.
2, 11, 271, 5021
What are the prime factors of 797756?
2, 53, 71
List the prime factors of 6707805.
3, 5, 13, 41, 839
What are the prime factors of 1083475?
5, 19, 2281
What are the prime factors of 185095?
5, 37019
What are the prime factors of 1526211?
3, 23, 73, 101
What are the prime factors of 8368105?
5, 37, 45233
What are the prime factors of 1661346?
2, 3, 92297
What are the prime factors of 368907?
3, 7, 11, 1597
What are the prime factors of 298566?
2, 3, 19, 97
What are the prime factors of 225725?
5, 9029
What are the prime factors of 554704?
2, 37, 937
What are the prime factors of 6536131?
7, 859, 1087
List the prime factors of 15473584.
2, 7, 138157
What are the prime factors of 124578?
2, 3, 769
What are the prime factors of 15768563?
137, 115099
What are the prime factors of 4732350?
2, 3, 5, 7, 4507
List the prime factors of 493060.
2, 5, 89, 277
List the prime factors of 13381927.
13, 6091
List the prime factors of 7270584.
2, 3, 302941
List the prime factors of 7761901.
7, 587, 1889
List the prime factors of 156256.
2, 19, 257
List the prime factors of 544698.
2, 3, 7, 11, 131
What are the prime factors of 1117456?
2, 211, 331
What are the prime factors of 1738023?
3, 7, 82763
List the prime factors of 19605024.
2, 3, 22691
What are the prime factors of 31918228?
2, 73, 281, 389
List the prime factors of 11580916.
2, 2895229
List the prime factors of 223940.
2, 5, 11197
What are the prime factors of 438722?
2, 219361
List the prime factors of 10549275.
3, 5, 11, 19, 673
What are the prime factors of 110056?
2, 13757
List the prime factors of 1101945.
3, 5, 13, 5651
What are the prime factors of 1156303?
1156303
List the prime factors of 211779.
3, 23531
What are the prime factors of 14458970?
2, 5, 1009, 1433
What are the prime factors of 168813?
3, 18757
List the prime factors of 204432.
2, 3, 4259
List the prime factors of 3062069.
1621, 1889
What are the prime factors of 197262?
2, 3, 13, 281
List the prime factors of 100721.
47, 2143
What are the prime factors of 2732279?
11, 248389
List the prime factors of 255415.
5, 23, 2221
List the prime factors of 5309065.
5, 101, 10513
List the prime factors of 6197832.
2, 3, 59, 1459
List the prime factors of 16298.
2, 29, 281
List the prime factors of 480946.
2, 240473
List the prime factors of 7742143.
7742143
List the prime factors of 92511.
3, 19, 541
What are the prime factors of 15141?
3, 7, 103
List the prime factors of 1364878.
2, 682439
What are the prime factors of 348686?
2, 13, 13411
List the prime factors of 24934130.
2, 5, 13, 191801
List the prime factors of 3244845.
3, 5, 137, 1579
List the prime factors of 1510754.
2, 7, 31, 59
List the prime factors of 837763.
811, 1033
What are the prime factors of 5092496?
2, 318281
What are the prime factors of 190167?
3, 63389
List the prime factors of 724688.
2, 45293
List the prime factors of 3672924.
2, 3, 151, 2027
List the prime factors of 4979491.
11, 41, 61, 181
List the prime factors of 1538495.
5, 7, 113, 389
List the prime factors of 673028.
2, 113, 1489
List the prime factors of 1698094.
2, 849047
List the prime factors of 191152.
2, 13, 919
List the prime factors of 28396478.
2, 11, 577, 2237
List the prime factors of 26919697.
7, 1249, 3079
List the prime factors of 1007274.
2, 3, 167879
What are the prime factors of 1521585?
3, 5, 13, 17
What are the prime factors of 123315?
3, 5, 8221
What are the prime factors of 778640?
2, 5, 9733
List the prime factors of 1397405.
5, 279481
What are the prime factors of 1505572?
2, 376393
What are the prime factors of 1217814?
2, 3, 13, 1201
List the prime factors of 100117.
53, 1889
What are the prime factors of 1436667?
3, 97, 4937
List the prime factors of 1026372.
2, 3, 85531
List the prime factors of 131520.
2, 3, 5, 137
List the prime factors of 605250.
2, 3, 5, 269
What are the prime factors of 21582446?
2, 1697, 6359
List the prime factors of 1966084.
2, 17, 29, 997
List the prime factors of 727888.
2, 7, 67, 97
List the prime factors of 21383412.
2, 3, 151, 11801
List the prime factors of 7302.
2, 3, 1217
List the prime factors of 1689555.
3, 5, 7, 16091
List the prime factors of 16032723.
3, 7, 71, 10753
What are the prime factors of 1006528?
2, 15727
List the prime factors of 5212916.
2, 19, 113, 60